). What is the units digit of -3 - (j + 0)/2?
5
Suppose -3*i - 19 = 5. Let d be (21/(-4))/(3/i). What is the units digit of (d/4)/(4/8)?
7
Let p(f) = -f**2 + 8*f - 4. Let y be p(8). What is the tens digit of (-93)/y - 6/(-8)?
2
Let h = -39 + 59. Suppose -2*z - z = 0. Suppose h = -z*r + 2*r. What is the units digit of r?
0
What is the units digit of ((-276)/10)/(27/(-90))?
2
Suppose 95 = w + 4*w. What is the units digit of w?
9
Suppose 3*d + 100 = 4*u, 0*u - 4*d - 38 = -u. What is the units digit of u?
2
Suppose 20 - 52 = -4*r. What is the units digit of r?
8
Suppose 4*y - 4 = -0*y. Let v be -4*(0 - y/2). What is the units digit of (3/v)/(5/10)?
3
Let t(a) = 2 - 6*a + 2*a**2 - a**2 - 4. Let f(y) = -y + 1. Let z be f(-7). What is the units digit of t(z)?
4
Let t(m) = m**3 - 4*m**2 - 5*m + 3. What is the units digit of t(6)?
5
Let v(r) = 8*r**2 - 2*r - 1. Let a = -4 + 3. Let i be v(a). Let y = i - 2. What is the units digit of y?
7
Suppose -4*z + 15 = -z. What is the units digit of z?
5
Let u(q) = 2*q + 1. Suppose -2*r = -4, -4*v - 2*r = 14 - 34. Let y be u(v). What is the units digit of -1 + 0 + (y - 1)?
7
Let k be (-52)/(-12) - 2/6. Let p(v) = -v**3 + 3*v**2 + 5*v - 2. Let l be p(k). Suppose l*r - 1 = -2*o - o, -5*o - 5 = 0. What is the units digit of r?
2
Let r be (-6)/(-4)*6*2. Suppose -5*p + 3*p = -r. What is the units digit of p?
9
Suppose -10*i + 15*i - 35 = 0. What is the units digit of i?
7
Let n be (-44)/(3 - -1) + 3. Let r = n - -10. What is the units digit of r?
2
Let y(k) = -k**3 - 14*k**2 + 13*k + 13. What is the units digit of y(-15)?
3
Suppose 0 = 5*w - 0*w - 120. What is the units digit of w?
4
Suppose 0 = -4*i - a + 215, -4*i + i = 3*a - 159. What is the tens digit of i?
5
Suppose -2*z - 1 = -3*z. Let j = 6 - -1. Let a = j + z. What is the units digit of a?
8
Suppose 82 + 90 = 2*m. What is the units digit of m?
6
Let l(t) = -8 - 3 + 4 + 7*t - 2. What is the units digit of l(7)?
0
Suppose y = -4 + 14. Let r = y + 1. What is the units digit of r?
1
Let l(t) = t - 2. Let m be l(5). What is the units digit of (6/(-5))/(m/(-20))?
8
Let z be -1 + 4 - (-6 + 4). Suppose -2*p - 21 = -z*d + 13, -p - 31 = d. Let a = -8 - p. What is the units digit of a?
9
Suppose -k + 6*k = 0. Suppose k*q + 124 = 4*q. What is the units digit of q?
1
What is the units digit of (-2)/(-5) - (-396)/10?
0
Let z be 1*(2 - 9)*-1. Let p = -1 + z. What is the units digit of p?
6
Let i(n) = n**3 + 2*n**2 - 2*n + 1. Let m be i(1). Suppose -4*t = -m*t - 40. What is the tens digit of t?
2
What is the tens digit of (101 - (1 + 0)) + 15/(-5)?
9
Suppose 0 = -5*g + 110 - 25. What is the units digit of g?
7
Suppose 4*t - 102 = 2*t. What is the units digit of t?
1
Let t = 103 + -48. What is the tens digit of t?
5
Let p(i) = 2*i**2 - 2*i. Let y be p(2). Let x be y/(-6)*9/6. Let v = 2 + x. What is the units digit of v?
1
Let z(q) = -q - 2. Let i be z(-5). Let w = 7 - i. What is the units digit of w?
4
Suppose -4*i + 205 = 81. What is the tens digit of i?
3
Let w(g) = 3 - 17*g + 0 - 3. What is the tens digit of w(-1)?
1
Let u = 12 - 4. What is the units digit of u?
8
What is the units digit of (1 - 507/6)*(-4)/2?
7
Suppose 0 = -3*d - 2*d + 20. Let m = d + 4. Suppose h = 5*h - m. What is the units digit of h?
2
Let t = 20 + -52. Let v = 46 + t. What is the units digit of v?
4
Suppose -3*i - 156 = -5*i + 5*o, -150 = -2*i + 2*o. What is the units digit of i?
3
Let m(h) = h**2 - 7*h + 10. What is the units digit of m(7)?
0
Suppose 0 = -5*n + 2*n + 18. Suppose 0 = -a + n - 3. Suppose 2*s = 5*t - s - 90, 15 = 2*t + a*s. What is the tens digit of t?
1
Let o(z) = z**2 + 11*z - 12. Let a be o(-12). Suppose a = 7*c - 134 - 125. What is the units digit of c?
7
Let s be (-4)/((-3)/6 + 0). Suppose -4*q - 24 = -s*q. What is the units digit of q?
6
Let y be -7 + (2 + -2)/1. Let j be ((-6)/y)/((-3)/42). What is the units digit of j/(-10) + (-1)/5?
1
Let o(p) = p**3 - 7*p**2 + 5*p + 11. Let h be o(6). Suppose -4*t + 7*t = 126. Suppose -4*u = -2*f - 32, -h*u = -f - f - t. What is the units digit of u?
0
Let y(p) = -p**2 + 18*p - 6. Let v be y(9). Let z = v + -45. Suppose 0 = 5*g - 3*n + n - z, 2*g - 3*n = 12. What is the units digit of g?
6
Let f(p) be the first derivative of p**3/3 + 11*p**2/2 + 14*p + 2. What is the units digit of f(-10)?
4
Suppose 5*h = -3*f + 260, 0*h + 162 = 3*h + 3*f. What is the units digit of h?
9
Let r = 6 - 3. Let g(a) = -2 + 3*a - r - 2. What is the units digit of g(6)?
1
Suppose -2*x = -0 - 6. Suppose 0 = i - v - 11, 9 = x*i + 2*v + 1. Suppose 5*o = i - 1. What is the units digit of o?
1
Suppose 4*t + t - 5*a = 35, -4*t - 4*a + 4 = 0. Suppose t*r + 0*r - 32 = 0. What is the units digit of r?
8
Let u = -7 + 4. Let z(p) = p**2 + p - 2. What is the units digit of z(u)?
4
Let v(d) = 2*d**2 - 5. Let l be v(4). Let g = l - 12. Suppose p - 2 = g. What is the tens digit of p?
1
Suppose 0*a + z - 52 = -2*a, 0 = -5*z - 10. What is the units digit of a?
7
Let w(p) = -p**3 - 6*p**2 + 11*p + 9. What is the tens digit of w(-8)?
4
Suppose -2*c + 5*n + 286 + 220 = 0, -n + 2 = 0. What is the units digit of c?
8
Let l be 8/20 - (-4)/(-10). Let t = 18 - l. What is the tens digit of t?
1
Let v(j) = 14*j**3 + 29*j**2 - 20*j + 1. Let z(x) = -5*x**3 - 10*x**2 + 7*x. Let u(y) = -6*v(y) - 17*z(y). What is the units digit of u(5)?
4
Suppose -2*j + 5*j - 147 = 0. Suppose 0 = h + 3, 4*q + j = -5*h - 2. What is the units digit of q/(-5) + 3/15?
2
What is the hundreds digit of 1 + -2 + (266 - 0)?
2
Let j(h) = h**2 - 11*h + 18. Let k be j(12). Suppose 0 = -i - 0*i + k. What is the tens digit of i?
3
Suppose 0*k = -4*k - 24. Let x = 4 + k. Let c = 0 - x. What is the units digit of c?
2
Suppose 3*k - 63 = -282. Let m = 108 + k. What is the units digit of m?
5
Let l(m) = -m**2 - 7*m - 2. Let b(p) be the first derivative of p**2/2 - 11*p + 1. Let n be b(5). What is the units digit of l(n)?
4
Let a = 2 - -3. Suppose g = a*g - 60. What is the units digit of g?
5
Let n(r) = -43*r**3 - 2*r**2 - 2*r - 1. Let k be n(-1). Suppose -3*v + k = i + 2*i, -5*i + 2*v + 98 = 0. What is the units digit of i?
8
Let x = -5 - -7. Suppose -5*g = -2*y + 53, -x*g + 4*g = -y - 14. Let n = 16 + g. What is the units digit of n?
7
Suppose -1695 = -7*a - 512. What is the hundreds digit of a?
1
Let t(u) = -u**2 + 4*u - 8. Let m be t(3). Let d(f) = 2*f**2 + 7*f + 7. What is the units digit of d(m)?
2
Let b(i) = -i + 9. Let p be b(7). Suppose 0 = 2*v + p*x - 0*x - 34, 4*v + 5*x - 70 = 0. What is the tens digit of v?
1
Suppose -11 = -3*i - j - 4, 3*i - 1 = -4*j. Suppose 4*g = 6*p - i*p - 3, 0 = -5*g - p + 20. What is the units digit of g?
3
Suppose -2*r = -1 - 41. Let m = r + -7. What is the tens digit of m?
1
Let m = 599 - 325. What is the tens digit of m?
7
Let w be 1 + -1 + -3 + 6. What is the units digit of (-1 - -5)/(w/6)?
8
Let j = -122 + 236. What is the hundreds digit of j?
1
Let r(s) = -5*s + 6. Let l(m) = 6*m - 7. Let o(f) = 6*l(f) + 7*r(f). Let c(y) = y**3 - 11*y**2 + 11*y - 4. Let n be c(10). What is the units digit of o(n)?
6
Let w = -4 + 7. Suppose f + w*f + 28 = 0. Let a = f - -14. What is the units digit of a?
7
Let j = 4 - 1. Suppose -a + j*a = 0. Suppose -2*p + 6 = -a*p. What is the units digit of p?
3
Suppose i - 3*p = 6*i - 147, -29 = -i - p. What is the tens digit of i?
3
What is the units digit of 13180/110 - (-2)/11?
0
Let w(u) = -u. Let c(t) = -6*t - 4. Let k(v) = c(v) - 5*w(v). Let a be k(-6). Suppose 42 = 2*g + 3*d - d, -5*g + a*d + 112 = 0. What is the tens digit of g?
2
Let f = 5 + -15. What is the units digit of 2/4 - 5/f?
1
Let d = -87 - -9. Let m = -36 - d. What is the tens digit of m?
4
Let d(v) = 3*v**2 - 22*v - 12. Let w(t) = 2*t**2 - 15*t - 8. Let q(b) = 5*d(b) - 7*w(b). What is the tens digit of q(7)?
1
What is the units digit of (-2)/(8/(-33)) - (-6)/8?
9
Suppose 0 = t - 2*a - 0*a + 7, -5*a + 19 = -2*t. Suppose k - t*c = 7, -5*k + 5*c + 22 = 3*c. What is the units digit of k?
4
Suppose -2*l + 2*n = -3*n - 1, 5*n - 77 = -4*l. Suppose 0 = -4*p - 53 + l. What is the units digit of (-6)/p - (-8)/20?
1
Suppose -11*c = -8*c. Let y = 3 - 2. Let r = c + y. What is the units digit of r?
1
Let a = -137 - -221. What is the units digit of a?
4
Suppose 0 = -4*d - 28 + 4. Let l be -75*d/27*3. Suppose 4*c